l - h. List the prime factors of v.
3
Suppose 2*j = 83 - 3. Suppose -2*l + j + 68 = -2*s, -2*s - 5*l - 108 = 0. List the prime factors of (-1)/((-3)/(s/(-3))).
2, 3
Let w(v) = -v + v**3 - v**2 + 4 + 16 - 7 - 2*v**3. What are the prime factors of w(0)?
13
Let t(a) be the second derivative of a**4/12 - a**3 - 2*a**2 - 2*a. Let c be t(7). What are the prime factors of 1/(2/(-2)) + c?
2
Let i = -40 + 68. List the prime factors of i.
2, 7
Suppose h - 10 = -5*u + 52, -4*u + 3*h + 42 = 0. What are the prime factors of u?
2, 3
Suppose 5*t - 388 = -2*g, 0 = -5*t + 2*t - 4*g + 244. List the prime factors of t.
2, 19
Suppose 0 = 4*w - 4*s - 124, -2*s = w - s - 27. Suppose 0 = -3*h + 4*x + w, -3*x = 5*h - 5*x - 53. What are the prime factors of h?
11
Suppose 5*p - 3*t - 721 = 0, -148 + 1 = -p + 2*t. What are the prime factors of p?
11, 13
Suppose 1 = 3*n - 11. Let f(b) = -b**3 + 4*b**2 + 2*b - 4. What are the prime factors of f(n)?
2
Suppose 0 = -3*c + 152 + 25. List the prime factors of c.
59
Let o = 17 - 14. List the prime factors of o.
3
Suppose -3*u + 3*y = 3, -6*u - y = -u - 7. Let m be (2 - u) + (-1 - 2). List the prime factors of 3*(2 + m/(-6)).
7
Let f = -20 + 23. List the prime factors of f.
3
Let z(f) be the third derivative of f**7/840 + f**6/60 + f**5/30 + f**3/3 - 2*f**2. Let y(t) be the first derivative of z(t). List the prime factors of y(-5).
5
Suppose 5*m - 2*r = 0, -6*m + m + 25 = 3*r. Suppose 2*g = m + 12. Let c(a) = a**3 - 8*a**2 + 8*a + 1. List the prime factors of c(g).
2
Let b = 1 + 5. Let k = -1 + b. Suppose -k*m + 4 = -26. What are the prime factors of m?
2, 3
Let d(m) = m + 1. Let p(s) = 3. Let w(i) = -4*d(i) + p(i). What are the prime factors of w(-1)?
3
Suppose 2*r = 2*l, 2*l - 3*r = l. Suppose -5*b + 5 = -l*b. List the prime factors of 47/4 + b/4.
2, 3
What are the prime factors of (2 - (-5)/(-3))*84?
2, 7
Let y(t) = -t**3 - 4*t**2 - 2*t - 3. Let s be y(-3). Let n be s/21 + 4/14. Suppose 4*b + 4*o - 13 = -o, b + 2*o - 4 = n. What are the prime factors of b?
2
Let n(x) = -20*x + 2. List the prime factors of n(-3).
2, 31
Let k be ((-3)/4)/((-1)/80). Suppose -t = 2*t - k. What are the prime factors of t?
2, 5
Suppose 2*d - 171 = -4*s - 3*d, s - 30 = 3*d. List the prime factors of s.
3, 13
Let b(g) = -g**2 - 7*g + 6. Let f = 23 - 30. List the prime factors of b(f).
2, 3
Let g be (6/4)/(6/8). Let i be -6 + (g - (-9)/(-3)). Let x = i + 21. What are the prime factors of x?
2, 7
Let s be (60/(-8))/(2/4). Let m = 10 + s. Let t = -3 - m. List the prime factors of t.
2
Suppose 3*m - m + 2*t - 8 = 0, 0 = -5*m + 5*t. Suppose 0 = -2*u + m + 14. What are the prime factors of u?
2
Let s be (1 - -2) + -3 + 8. Suppose -3*m + s = -m. Suppose -m*y - 7 = 3*z - 0*z, -2*y = 2*z + 2. List the prime factors of z.
3
Suppose 0 = s + 3*s + 16. What are the prime factors of ((-36)/(-6))/((-2)/s)?
2, 3
Suppose z = 2*n - 2, 2*z - 4 = -4*n - 0*n. Suppose -2*d = -z - 22. What are the prime factors of d?
11
Let t = -5 - -5. Let r(m) = m**3 + m**2 - m + 10. List the prime factors of r(t).
2, 5
Let w = -8 + 11. What are the prime factors of w/((-6)/4) + 12?
2, 5
Let a be 3/(-12) + (-3)/(-12). Suppose a = 3*n + 5*b - 74, -n + 16 = b - 8. List the prime factors of n.
23
Let p(y) = 15*y - 1. Let x be p(2). Let o = -21 + x. Suppose -a = -5*g + 53, -3*g - 4*a + 42 = -o*a. List the prime factors of g.
2, 5
Suppose -3*d - 2*m = -67, m + 2*m + 137 = 5*d. List the prime factors of d.
5
Suppose -4*o + 3*o + 76 = 0. Let z = -28 + o. Suppose -f + 5*f - z = 0. List the prime factors of f.
2, 3
Let c(z) be the second derivative of z**3/3 - 3*z**2 + 3*z. Let d be c(4). Suppose 14 = d*b - 0*b. What are the prime factors of b?
7
Suppose 6*t - 1159 - 59 = 0. List the prime factors of t.
7, 29
Let n = 5 - 21. Let l = n + 37. What are the prime factors of l?
3, 7
Let o(t) = -t**3 + 11*t**2 - 3*t + 6. What are the prime factors of o(10)?
2, 19
Let g(m) = m**3 + 5*m**2 - 2*m - 7. Let t be g(-5). Suppose 0*i = -t*k + i + 25, i = -2*k + 10. List the prime factors of k.
7
Suppose 3*o = s - 9, -4*s + 5*o + 29 = -0*o. Suppose -m = -s*m + 150. What are the prime factors of m?
2, 3, 5
Let s be (0/(-13))/(2/1). Suppose s = 5*g - 3*g - 5*q - 2, 0 = 2*g + 5*q - 22. What are the prime factors of g?
2, 3
Let m be 26 - (3 - 2)*-1. Suppose 0 = -2*f + 6, r = -2*r + f - 51. Let w = m + r. What are the prime factors of w?
11
Suppose 0*p + f + 12 = p, 5*p - 3*f = 54. Suppose -5*l + 14 = a, -4*a + 3*l + 1 = -p. Suppose -2*y - 6 = -a*y. List the prime factors of y.
3
Let p(a) = 11*a - 1. What are the prime factors of p(1)?
2, 5
Let r(b) = -b**2 + 4*b + 3. Let v be r(5). What are the prime factors of -10*-10*v/(-8)?
5
Let i(a) = a - 6. Suppose 8*q - 3*q - 37 = -3*j, 0 = -2*q + j + 17. Let d be i(q). Suppose 0 = 3*n + d*n - 40. List the prime factors of n.
2
Let w(o) = 3*o + 3. Let f(c) = -c - 1. Let l(i) = 2*f(i) + w(i). Let j be l(-7). List the prime factors of (-44)/(-12) + (-2)/j.
2
Let a(k) = -k**3 + 10*k**2 - 8*k + 5. Let p be a(9). Let f be -1 - (-2 + p)/2. Let c = -5 - f. List the prime factors of c.
2
Suppose n - 2*i + 89 = -0*n, -n - 90 = -i. Let r = 53 + n. Let o = -27 - r. List the prime factors of o.
11
Suppose 0 = 4*c + 3 - 15. Let m be 6/(-4)*(-10)/c. Suppose 4*f - 7*f = -m*d + 17, 5*d + 5*f - 25 = 0. What are the prime factors of d?
2
List the prime factors of (-9)/6*378/(-3).
3, 7
Let h = -263 + 516. List the prime factors of h.
11, 23
Let d = -27 + 16. Let o = d - -24. List the prime factors of o.
13
Let k(b) be the third derivative of b**5/60 + b**4/24 + b**3/2 - b**2. Let d be k(-4). Let h = d - 11. List the prime factors of h.
2
Let s(y) = 15*y**2 + 4*y + 12. Let l be s(-4). Suppose 6*i - 2*i = l. What are the prime factors of i?
59
Let k be (1/1)/((-2)/18). Let n be (-3)/k - (-4)/6. Let p = n + 8. List the prime factors of p.
3
Suppose 2*n + 65 = 3*n. What are the prime factors of n?
5, 13
Let c = 49 + -34. List the prime factors of c.
3, 5
Let z(f) = -f**3 + 4*f**2 + 6*f. Let p be z(5). Suppose -25 = -2*t - m, -p*t + 0*m + 95 = -4*m. List the prime factors of t.
3, 5
Suppose 3*p = p. Suppose p = -o - 0 + 3. Suppose o*c = -2*c + 90. List the prime factors of c.
2, 3
Let w be (-2 + 3 - -2) + 0. Let t(d) = -d**2 + 9*d + 2. List the prime factors of t(w).
2, 5
List the prime factors of (2 - (-6012)/42) + (-1)/7.
5, 29
Suppose -60 = -0*b - 4*b. Let a = 22 - b. Let v(i) = -i**3 + 6*i**2 + 8*i + 3. What are the prime factors of v(a)?
2, 5
Let z(p) = 13*p - 66. List the prime factors of z(16).
2, 71
Let g = 242 + -68. List the prime factors of g.
2, 3, 29
Let n be 186/8 - 8/32. Suppose -5*y + n = 3. Suppose 0 = -y*p + 22 + 14. List the prime factors of p.
3
Let x(m) = -m**3 - 11*m**2 - 10*m + 3. Let q be x(-10). Let a = -17 + 33. Suppose -s = -5*t + 2*s + 28, 2*s = q*t - a. List the prime factors of t.
2
Let g be 0 - (-1)/(-2)*-2. Let d(z) = 21*z**2. Let h be d(g). Suppose 0 = -2*u + h - 1. List the prime factors of u.
2, 5
What are the prime factors of 21 - (-3)/(-2 + -1)?
2, 5
Let y(f) be the first derivative of -f**4/4 + f**3/3 + 10*f + 2. List the prime factors of y(0).
2, 5
Let d = -4 + 6. Suppose 0 = w - d*w + 39. Suppose -a - 2*a = -w. List the prime factors of a.
13
Let t(m) = m**2 - 2*m - 50. List the prime factors of t(-15).
5, 41
Let i be ((-1)/(-1))/((-7)/(-21)). Suppose -s - 50 = -2*n + 11, -i*s - 33 = -n. What are the prime factors of n?
2, 3, 5
Let d(u) = u**2 + 6*u - 13. What are the prime factors of d(-8)?
3
Let z(u) = -2*u - 6*u**2 - u**3 - 1 + 0*u**3 + 3*u**2 - 3*u**2. List the prime factors of z(-6).
11
Suppose 3*h + 4 = q, -h + 8 = 4*q - 8. Suppose 2*v - 2*d - 2*d - 28 = h, -2*d - 6 = v. List the prime factors of v.
2
Let i(c) = 3*c**2 + 2*c - 1. Let h be 2 - 1 - (-4 - -2). Let g = -5 + h. What are the prime factors of i(g)?
7
Let v be 7*(-48)/80*(-20)/14. Suppose 3*m = -0*m. Suppose v = d - m. List the prime factors of d.
2, 3
Suppose -2*m - 162 = -5*m. What are the prime factors of m?
2, 3
Let r(h) be the third derivative of h**6/120 + h**5/15 - h**4/24 - 2*h**3/3 - h**2. Let q be r(-5). What are the prime factors of 3/((-33)/q + -1)?
2
Suppose 5*q = -2*a + 16, 7 = 5*a - 8. Suppose -164 = -5*u + 4*s, s - 35 = -q*u + 28. What are the prime factors of u?
2
Let c be